74. Let s = 153 - 124. What is the remainder when a is divided by s?
26
Suppose -22*u + 22 = -506. Calculate the remainder when 67 is divided by u.
19
Let q(v) = 22*v - 36. What is the remainder when q(7) is divided by 15?
13
Let h(m) = m**3 + 8*m**2 + 2*m + 8. Suppose -2*t + 1 - 25 = 0. Calculate the remainder when h(-6) is divided by 1*4/t*-69.
22
What is the remainder when 14105/25 - (-1)/(-5) is divided by 71?
67
Let o(l) = 3*l + 2 - 14 - 4*l + 2*l. Let d be o(9). Calculate the remainder when 5 is divided by -1*(-5 - (d - 0)).
1
Let t be ((-780)/(-234))/(4/(-6)*1). Let k = t + 20. What is the remainder when 57 is divided by k?
12
Suppose r + 45 - 50 = 0. Suppose 0*z = 3*z - 5*n - 47, -r*z = -4*n - 100. Calculate the remainder when z is divided by 13.
11
Suppose z + 1 - 79 = 0. Calculate the remainder when z is divided by (-3)/(-3 + 0)*16.
14
Let q = 2000 + -1962. Calculate the remainder when 111 is divided by q.
35
Suppose 4*g = -2*k + 150, 5 + 67 = 2*g + 4*k. Calculate the remainder when 151 is divided by g.
37
Let r(b) = b**2 + 2*b + 4. Suppose -3*t = -1 - 14. Suppose 59 = 3*a + 4*l - 3, -l = -t*a + 88. What is the remainder when a is divided by r(-3)?
4
Suppose v + 138 = -5*v. Let u = v + 145. Calculate the remainder when u is divided by 42.
38
Suppose -4*l - 730 = -9*n + 8*n, -20 = -4*l. What is the remainder when n is divided by 21?
15
Let y(j) = -9 - 6*j + 3*j + 9*j. What is the remainder when 16 is divided by y(3)?
7
Suppose -34 = l - 24. Let f = l - -17. What is the remainder when 13 is divided by f?
6
Let o(k) = 59*k**3 + 3*k**2 - 15*k + 13. What is the remainder when 230 is divided by o(1)?
50
Suppose 2*i + 4*z = 4, -i - 3*z - z = 0. Let o(d) = 4*d - 1. Suppose -q - 2*q - 5*h - 16 = 0, -h - 17 = -4*q. Calculate the remainder when o(q) is divided by i.
3
Suppose 9*i - 508 - 203 = 0. Suppose -i - 113 = -4*a. Calculate the remainder when a is divided by 10.
8
Let n be -1*31 - 9/(-3). Let i = n + 32. Calculate the remainder when i is divided by 3.
1
Suppose 0 = 12*s - 16*s + 336. What is the remainder when s is divided by 23?
15
Let j = 2908 - 2875. Calculate the remainder when j is divided by 3/((-2)/(-6)*1).
6
Suppose 0 = -14*f + 37*f - 782. Calculate the remainder when 133 is divided by f.
31
Let d = -6 - 10. Let v = d - -13. What is the remainder when -3*((-200)/12 + v) is divided by 15?
14
What is the remainder when (27/18)/(9/138) is divided by 7?
2
Let m = 432 + -206. Calculate the remainder when m is divided by 19.
17
Let k(x) = x**3 + 13*x**2 - 29*x + 15. Let n be k(-15). Let s = 14 - n. What is the remainder when 51 is divided by s?
9
Let n(p) = 14*p + 4. Let s be n(2). Suppose -s = 15*w - 16*w. What is the remainder when w is divided by 9?
5
Let z = -171 + 180. Calculate the remainder when 16 is divided by z.
7
Let g(l) = -l**2 + 22*l - 21. Let x be g(17). Suppose o - 2*i - x = -4*i, 0 = o - 5*i - 92. What is the remainder when o is divided by 37?
35
Let b(k) = -k - 15. Let c be -2 - -2 - 1*-6. Let a be b(c). Let u = -18 - a. Calculate the remainder when u is divided by 3.
0
Suppose 126*g - 121*g - 5*i = 305, -61 = -g + 2*i. Calculate the remainder when 138 is divided by g.
16
Suppose 0*m - 2*m = -2*w + 480, 2*m - 468 = -2*w. Suppose w = 3*b - 108. Calculate the remainder when b is divided by 39.
37
Let n be 4/(-10) + 104/10. Let l = n + 2. Calculate the remainder when 44 is divided by l.
8
Let d(u) = 3*u + 9. Let n be d(7). Calculate the remainder when (48/n*-2)/((-2)/10) is divided by 4.
0
Let h be (8/6 - 1)*12. Suppose 5*q = 10, p + 40 = 3*p + h*q. What is the remainder when 35 + ((-10)/30 - 33/9) is divided by p?
15
Let w(j) = 51*j**3 + 4*j**2 - 5*j + 3. Let r = -14 + 5. Let z = r - -27. Calculate the remainder when w(1) is divided by z.
17
Suppose -20*i + 1246 = -1494. What is the remainder when i is divided by 29?
21
Suppose 5*j - 71 = 34. Let w(s) = 8 - 1 - 4 + 15*s - 2*s**2 - s**3 + 3. Calculate the remainder when j is divided by w(-5).
3
Suppose 5*p - 28 = 3*f, 3*f - 5*f = 5*p + 2. What is the remainder when 13 is divided by -1 - (4 + f) - -7?
5
Let c = 195 + -88. Calculate the remainder when c is divided by 54.
53
Let f be (93/6)/(1/(-6)). Let k = f + 129. What is the remainder when k is divided by 20?
16
Let c be 27/(-2)*(-60)/45. Suppose -4*u = 4*w - 72, -3*w - c = 5*u - 82. Calculate the remainder when 101 is divided by w.
10
Let o(m) = 2*m - 12. Let h be o(11). Suppose -15 = -h*x + 5*x. Suppose -2*r + 63 = 2*q - 7*r, -x*r = 15. Calculate the remainder when 54 is divided by q.
16
Let c(a) = 4*a**2 + 8*a + 6. Let p(h) = h**2 - 2*h + 2. Calculate the remainder when c(-5) is divided by p(5).
15
Suppose 42 = 4*g - g. Let r(u) = -u**3 + 5*u**2 - 5*u + 1. Let v be r(6). Let p = -39 - v. Calculate the remainder when p is divided by g.
12
Suppose 0 = -11*i + 9 + 46. Let f = 1 - -3. Calculate the remainder when 30*i*(-5)/(-50) is divided by f.
3
Suppose -13*x + 466 = -1289. Calculate the remainder when x is divided by 23.
20
Let l(g) = -4 + 8*g - 24*g - 22 + 7 - 2*g**2. Calculate the remainder when 10 is divided by l(-6).
0
Suppose 3*c - 13 = 2, z = -2*c + 12. Suppose -493 = -4*d + z*w + 31, -20 = 5*w. Calculate the remainder when d is divided by 35.
24
Let m = -49 + 70. Let a = 12 + m. Calculate the remainder when a is divided by 9.
6
Let h(y) = -y**3 + 7*y**2 - 6*y + 2. Let u be h(6). Let j(d) = 5*d**u - 7*d + 7 - d**2 + 10*d + d**3. Calculate the remainder when 24 is divided by j(-3).
3
Let b be (6/21 - 0)/((-1)/(-7)). Suppose 5*v = u + 44, 0*v = -b*v - 3*u + 4. What is the remainder when 44 is divided by v?
4
Suppose 6*p - 27 = 3*p. Suppose -5*h = -2*c - 76, 0 = h - 4*c + 2 - 10. What is the remainder when h is divided by p?
7
Suppose -2*b - l = -23, 5*b - 96 = 4*l - 6. Let o = -214 + 219. Calculate the remainder when b is divided by o.
4
What is the remainder when 1314 is divided by -5 - -28 - (-6 - -12)/(-6)?
18
What is the remainder when (-143)/(-2)*((-25)/5 - -7) is divided by 50?
43
Let n(g) = -25*g - 68. What is the remainder when n(-8) is divided by 27?
24
Let o(v) = -v**2 - v + 14. Suppose -4*a = 3*z - 253, 0 = 5*a - z - 246 - 94. What is the remainder when a is divided by o(0)?
11
Let u(r) = 7*r**2 + 6*r - 9. Let o(t) = -20*t**2 - 18*t + 28. Let q(b) = 6*o(b) + 17*u(b). What is the remainder when 29 is divided by q(-7)?
5
What is the remainder when ((-46)/4)/(51/(-4386)) is divided by 110?
109
Suppose 0 = -5*u + 2*i - i + 4856, -5*i - 1947 = -2*u. What is the remainder when u is divided by 54?
53
Suppose w - 5*o - 6 = 3*w, w - 2*o = 6. Suppose -n + 3 = 0, -w*n + 43 = t - 58. What is the remainder when t is divided by 145/5 - (-3)/1?
31
Let b = -18 - -16. Let u(q) = 13*q**2 + 5*q + 1. What is the remainder when u(b) is divided by 22?
21
Let b(r) = -6*r - 8. Suppose 189 = -0*x + 3*x. Calculate the remainder when x is divided by b(-4).
15
Let u be -9*(-1 - -3)/6. Let s be 42 - (4 + u - 2). Suppose 0*y - y = -4*v + 128, -3*y = -v + s. Calculate the remainder when v is divided by 8.
7
Let q(x) = 8*x + 2. Let b(a) = -a - 1. Let d(u) = 12*b(u) + q(u). Let c be d(-4). Suppose 85 = c*z - z. What is the remainder when z is divided by 10?
7
Suppose 2*b = -j + 66, j - 57 + 0 = -5*b. Calculate the remainder when 357 is divided by j.
69
Suppose -159 = -21*c - 33. What is the remainder when 265 is divided by c?
1
Let f = 82 - 10. What is the remainder when f is divided by 25/4*(-756)/(-315)?
12
Let w(a) = -7*a - 29. Let b = 9 + -1. Calculate the remainder when w(-6) is divided by b.
5
Let s(y) = 2*y**2 + 7*y - 14. What is the remainder when s(-10) is divided by 13 - -18 - (3 + -11)?
38
Let g = 35 - -12. Calculate the remainder when 281 is divided by g.
46
Let w(k) = 36*k + 19. Let m be w(-7). Let c = -204 - m. Let r(x) = 5*x**2 + x + 1. Calculate the remainder when r(4) is divided by c.
27
Calculate the remainder when 2/(-1 + 316/308) is divided by (78 + -79)/((-1)/8).
5
Suppose 60 = 2*p - 4*i, 0 = -4*p - 7*i + 2*i + 159. What is the remainder when 111 is divided by p?
3
Suppose -o - 15 = -5*b + 43, 52 = 5*b + o. Suppose -48 + 8 = -3*f + 4*i, 40 = 4*f - 2*i. Let x = 14 - f. What is the remainder when b is divided by x?
5
Suppose 4*h + 18 + 10 = 0. Suppose -8*f + 288 = 8*f. Let n = f + h. Calculate the remainder when